 125 is divided by k?
20
Suppose 5*z - 9*z + 12 = 0. Suppose z*y + y = -b + 32, 5*y - 15 = 5*b. Calculate the remainder when y is divided by 3.
1
Let i(x) = x**2 + 6*x - 21. Calculate the remainder when 20 is divided by i(3).
2
Let y(n) = n**3 + 9*n**2 + 5*n + 3. Let f be y(-8). Let c be (-9)/(f/(-2))*24. Suppose -s + c = -10. What is the remainder when 50 is divided by s?
24
Suppose -871 = -8*x - 367. Calculate the remainder when x is divided by 9.
0
Let y be 3*(-2)/(-6) + 2. Let v(l) be the first derivative of l**3 - 3*l**2/2 - l + 28. Calculate the remainder when 66 is divided by v(y).
15
Suppose 0 = f - 2*b - b - 78, 0 = 4*f + 2*b - 312. Calculate the remainder when f is divided by 28.
22
Suppose m + v - 1 = 0, -2*m - 3 = -5*v - 26. Let u(a) = a**2 - 3*a + 11. What is the remainder when 33 is divided by u(m)?
3
Let p be (0 - -1)/((-4)/(-28)). Suppose 2*n = p*n. Suppose -3*y + y + 10 = n. Calculate the remainder when 9 is divided by y.
4
Suppose 0 = 111*w - 115*w + 48. Calculate the remainder when (1 + -4)*-1 + 18 is divided by w.
9
Let i be (-30)/(-12)*24/10. Suppose i*t = 22 + 14. Let y(b) = 5*b**2 - 8*b - 2. What is the remainder when y(t) is divided by 33?
31
Let r be 1*(-3 + 9 + -3). Let q = 18 + r. Suppose 17 = 2*i - q. What is the remainder when 37 is divided by i?
18
Suppose 5*n + i + 141 = 371, -4*i = n - 65. Let y = 1186 + -1174. Calculate the remainder when n is divided by y.
9
Let z(o) = 9*o + 15. Let t be z(-11). Let q = -52 - t. Calculate the remainder when q is divided by 17.
15
Let l be 2/(-4) + (-2)/(-4). Let r be 1*(l + 0 + 1). Suppose 5*y - m = m + 103, -5*m = y + r. Calculate the remainder when y is divided by 5.
4
Suppose 4*a = 2*a. Suppose -n - 95 = -5*i, a*i - 5*n + 11 = 2*i. Let h = i + -10. What is the remainder when h is divided by 3?
2
Let g(r) = r**3 - r**2 + 1. Let l(m) = 4*m**3 + 5*m**2 + 2*m + 14. Let p(j) = 3*g(j) - l(j). Calculate the remainder when 19 is divided by p(-8).
4
Let f(d) = -2*d + 23. Let n(w) = -3*w + 34. Let r(l) = -7*f(l) + 5*n(l). Let i be r(5). Suppose 12*j = 11*j + i. Calculate the remainder when j is divided by 2.
0
Suppose -4*k - k + 295 = 0. Let y(h) = -h**3 + 11*h**2 - 9*h + 6. Suppose -b = -u + 7, 2*b + 0 = 3*u - 24. What is the remainder when k is divided by y(u)?
11
Suppose 3 = -3*z, 5*d - 2*d = z + 25. Calculate the remainder when 15 is divided by d.
7
Let f(u) = -59*u**3 - u - 2. Let s be f(-2). Calculate the remainder when (-1)/((-4)/s - 0) is divided by 17.
16
Let m = 42 + -34. Suppose -m = -n + 9. Calculate the remainder when 48 is divided by n.
14
Let w(x) = -9*x + 18. Let t be w(0). What is the remainder when 4 is divided by ((-28)/42)/((-21)/t + 1)?
0
Let t(g) = g**3 + 9*g**2 + g - 16. Let s(d) = 2*d**2 + 21*d - 19. Let c be s(-11). What is the remainder when t(c) is divided by 15?
10
Let u = 29 - -5. Suppose 3*r + 77 = 86. Suppose 2*m - 10 = 0, -3*i + 2*m + 8 + r = 0. Calculate the remainder when u is divided by i.
6
Let i(u) = 4*u - 24. Let m be i(7). Suppose 5*v = -m*x + 676, -x + 102 = -v - 67. What is the remainder when x is divided by 43?
40
Let q(m) = 6*m - 32. Let y be (5 + -11)*2/(-2). Calculate the remainder when 25 is divided by q(y).
1
Let u = -45 + 77. Let y = 15 - u. Let h = y - -19. What is the remainder when 3 is divided by h?
1
Let t(c) = -9*c - 3. Let b be (-1)/1 - (-3 + 4). Calculate the remainder when t(b) is divided by (((-360)/66)/10)/((-1)/(55/10)).
0
Suppose -2*k + 4*d = -160, -7*d + 2*d = 20. Calculate the remainder when 286 is divided by k.
70
Let y = 63 - 36. Calculate the remainder when 14/4*(45 + -7) is divided by y.
25
Let x(y) = 2*y**3 - 2*y**3 - 4*y**2 + 3*y**3 + 4*y. Let l(u) = u**3 + 7*u**2 - 21*u - 12. Calculate the remainder when x(3) is divided by l(-9).
12
Suppose 0 = 5*k + f - 46, -7*k + 10*k - 5*f = 50. Calculate the remainder when -2 - -3*(-84)/(-9) is divided by k.
6
Suppose 4*n = s - 9, 8 = -4*n - 0*n. Let f(u) = 33*u**2 + u - 1. Calculate the remainder when 97 is divided by f(s).
31
Let n = -316 + 321. What is the remainder when (-310)/(-25) - (-4)/(-10) is divided by n?
2
Let u = 203 + -181. Calculate the remainder when 52 is divided by u.
8
Suppose -h = -5*c + 225, -c + 2*h = c - 98. What is the remainder when 71 is divided by c?
27
Let m = -1397 - -1534. Let u(k) = k**2 - 6*k - 1. Let n be u(7). Suppose 2*w - n*w - f = -142, -4*w = -f - 138. What is the remainder when m is divided by w?
32
Let h(t) = 6*t - 1. Let u be 6 + (-3 - (0 + 1)). Calculate the remainder when h(u) is divided by 4.
3
Suppose 110 = 10*z + 20. Let l = -35 + 60. What is the remainder when l is divided by z?
7
Suppose -317 = s - 364. What is the remainder when 510 is divided by s?
40
Suppose -4*k = 2*q + 60, k + 10 = 2*q - 0*q. Let u be ((-16)/k)/(34/119). Calculate the remainder when 1/u + (-717)/(-12) is divided by 21.
18
Suppose -f + 5*f - 8 = 0. Let r be 4 - (f - 0/3). Suppose -3*v + 3 = -q, 4*v - 52 = -2*q - r*q. What is the remainder when 24 is divided by q?
6
Let n = -114 + 140. Calculate the remainder when 64 is divided by n.
12
Let r = -52 + 58. Suppose 3*n = 252 + r. What is the remainder when n is divided by 2/(-8) - 234/(-8)?
28
Suppose -8*d = -0*d - 32. Suppose 2*q - 69 = 5*c, -d*c + 0*c = -3*q + 86. Calculate the remainder when 43 is divided by q.
21
Suppose 2*g - 473 = -3*o, -4*o + 0*o + 472 = 2*g. Suppose 0 = -3*z + 356 + g. What is the remainder when z is divided by 40?
38
Suppose 10*i = 4*i + 54. Calculate the remainder when 34 is divided by i.
7
What is the remainder when 943/4 - (-51)/(-68) is divided by 48?
43
Suppose -4*p = 2*g + 3*g - 5, 2*g = 3*p + 25. What is the remainder when 77 is divided by g/20 + 126/8?
13
Suppose 2*r = 5*r - 30. Let f = 17 - r. Let h(v) = v**3 - 4*v**2 - v + 25. Calculate the remainder when h(0) is divided by f.
4
Let d be 1/(-3) - (-16)/3. Suppose -3*x - m = 5, 4*m + 5 = d*x + 2. What is the remainder when 38 is divided by (-612)/(-60) + x/5?
8
Let m be 2 + -18 + (0 - -1). Let x = -7 - m. Calculate the remainder when ((-26)/(-39))/((-8)/(-180)) is divided by x.
7
Let t be -2*(-3)/((-3)/(-22)). Let a = -6 + t. Calculate the remainder when a is divided by 13.
12
Let w(a) be the first derivative of a**4/2 + 8*a**3/3 - 2*a**2 + 7*a + 57. Let m = -73 + 139. Calculate the remainder when m is divided by w(-4).
20
Calculate the remainder when 405 is divided by -2 - -6 - (-2156)/22.
99
Suppose 4*m + m - 15 = 0, -m = 3*r - 27. Let h = -4104 - -4119. Calculate the remainder when h is divided by r.
7
Suppose -6*u - 282 = -3*u. Let q = u - -108. Calculate the remainder when 82 is divided by q.
12
Let z = -77 - -134. What is the remainder when z is divided by (50/(-15))/((-4)/((-84)/(-7)))?
7
Suppose -4*j + 2072 = 5*c + 712, 1099 = 4*c + j. What is the remainder when c is divided by 40?
36
Let o(t) = 3*t**2 + 24*t + 12. What is the remainder when o(-11) is divided by 15?
6
Let t = 74 + -52. Suppose 3*v = 47 + 67. Calculate the remainder when v is divided by t.
16
Suppose -4*y - 8 - 12 = 0, 0 = -2*h - 4*y + 120. Suppose 5*s + 2*s - h = 0. Let w = 66 - 27. What is the remainder when w is divided by s?
9
Suppose 19 = 2*p - 21. What is the remainder when 14/(-4)*((-32832)/133)/16 is divided by p?
14
Let f(u) = -36*u - 98. What is the remainder when 175 is divided by f(-4)?
37
Suppose 3*b - 65 = 4*f, 5*b - 109 = -3*f + 38. What is the remainder when (9 - -17)*2*1 is divided by b?
25
Let v(g) = -3*g - 19. Let t be v(-7). Suppose -4*f + 28 = -3*z, 2*z - 14 = -t*f + 4*z. What is the remainder when 12 is divided by f?
5
Let p(l) = -32*l + 48*l - 26*l + 9. What is the remainder when p(-3) is divided by 10?
9
Let y(t) be the first derivative of 2*t**3/3 + t + 9. What is the remainder when y(4) is divided by 7?
5
Suppose -4*q - 19 = -c, -6 = 5*q + 14. What is the remainder when ((-63)/(-12))/(9/(-6))*-20 is divided by (18/7)/(c/21)?
16
Let f(d) = -3*d**2 - 34*d**3 - 21 + 2*d**2 + 22. What is the remainder when 100 is divided by f(-1)?
32
Let z = 56 - 38. Let l(a) = -a - 6*a**2 + 2*a**2 + 9 + 5*a**2. What is the remainder when l(7) is divided by z?
15
Let m(z) = -z**2 - 8*z - 6. Let i(y) = y**3 + 6*y**2 - 17*y - 12. Let a be i(-8). What is the remainder when 77 is divided by m(a)?
7
Let q(z) be the second derivative of -5*z + 0 + 1/12